13?
10
Suppose 2*l + 81 = -3*y, -3*l + 4*y - 82 + 3 = 0. Let o = 48 + l. Calculate the remainder when 29 is divided by o.
14
Suppose -4*u + 16 = -6*u. What is the remainder when 69 is divided by 3/(-6) - 156/u?
12
Suppose 4*r - 3*k = 118, -5*r - 4*k = -2*r - 76. Calculate the remainder when 47 is divided by r.
19
Let i = 7 + -13. Let h = i + 14. Suppose b - 1 = h. What is the remainder when 16 is divided by b?
7
Suppose 0 = -u - 4. Let q be 0 - u - 0 - -1. Suppose -4*p - 17 = -4*x + 39, 0 = q*x - 2*p - 61. Calculate the remainder when 41 is divided by x.
8
Suppose -s + 3*l = -3*s + 292, 2*l = -s + 147. Let j = s + -15. Suppose -2*t + 3*a = -3*t + 12, -5*t + 2*a = -j. What is the remainder when 69 is divided by t?
21
Suppose -2*m + 62 - 4 = 4*a, 87 = 3*m + 2*a. Calculate the remainder when m is divided by 8.
5
Suppose 0 = 5*q - 5*j - 96 + 36, -2*j = 10. Let l = -5 + 16. What is the remainder when l is divided by q?
4
Let y = -11 + 33. Let k be ((-57)/9 - -6)*(-1 + 1). Suppose -3*x - 3*w = -x - 9, k = -5*x - 4*w + 40. Calculate the remainder when y is divided by x.
10
Suppose -2*c - 1105 = -87*c. Calculate the remainder when 66 is divided by c.
1
Suppose 44*g + 444 = 48*g. What is the remainder when g is divided by 39?
33
Let o = 99 - 67. Calculate the remainder when o is divided by (3 + (-24)/9)*36.
8
Suppose u = -5*d + 223, 3*d + 0*u - 129 = u. What is the remainder when 346 is divided by d?
38
Let h be 14/(4 + (-706)/177). Suppose -12*q + 585 = -h. What is the remainder when q is divided by 39?
35
Let v(k) = -k**2 + 4*k + 6. Suppose -5*t + 2*s = -55, 7*t - 4*t + 2*s - 17 = 0. What is the remainder when t is divided by v(4)?
3
Suppose -19*p + 3666 = -16*p. Calculate the remainder when p is divided by 36.
34
Suppose -4*y + 2*i = -0*y + 126, -5*i = -4*y - 141. Let n = y - -58. Calculate the remainder when 84 is divided by n.
26
Let r = 31 + 0. Calculate the remainder when 51 is divided by r.
20
Let l(y) = 23*y**2 - 92*y - 480. What is the remainder when l(-5) is divided by 35?
30
Suppose -m + 50*w + 65 = 53*w, 0 = -2*w + 6. What is the remainder when 182 is divided by m?
14
What is the remainder when (132/(-33))/((-2)/124) is divided by 21?
17
Suppose 41 = 3*l - v, v = 6*v + 25. Calculate the remainder when (90/1)/(18/l) is divided by 7.
4
Let o = -18 + 46. Suppose -9*s = -6*s - n - o, 4*n + 32 = 2*s. What is the remainder when 23 is divided by s?
7
Suppose -12 = 4*x, 4*x - 2*x = -5*r + 414. What is the remainder when (r/(-18))/(3/(-9)) is divided by 8?
6
Let z(y) = 2*y + 30. Let f be z(-14). Suppose 0 = f*r - r - 2. What is the remainder when (1/(-1) + -1)*-1 is divided by r?
0
Let y(j) = 6*j + 7. Let f be y(5). Let o = 183 + -209. Let x = f + o. Calculate the remainder when 41 is divided by x.
8
What is the remainder when 5/(20*8/17376) is divided by 5?
3
Suppose 0*l - 3*l = 4*c - 480, c - 101 = 4*l. Let v = -22 + 39. Calculate the remainder when c is divided by v.
15
What is the remainder when (-408)/(-10)*(-1035)/(-276) is divided by 12?
9
Let s = 100 + -19. Suppose 4*w - 197 + s = 0. Calculate the remainder when w is divided by 11 + (2 - 1) + -2.
9
Let l = 191 + -186. What is the remainder when 32 is divided by l?
2
Let h(d) = d**2 + 3*d. Calculate the remainder when 303 is divided by h(3).
15
Suppose 88 = 5*l - j, 5*j - 19 = -l - l. Calculate the remainder when l is divided by 12.
5
Let d be 31/4 + -5 - 2/(-8). Let s = 20 + d. What is the remainder when s is divided by 14?
9
Suppose -13 = 3*u - 3*v - 70, 10 = 5*v. Suppose -25 = c - a, -c + 5*a = -16 + 41. Calculate the remainder when u is divided by (8/(-5))/(5/c).
5
Suppose 4*b - 3*b - 10 = -5*w, -5*w = 3*b - 60. Let d = 1554 - 1511. Calculate the remainder when d is divided by b.
18
Let l(d) = -14*d + 228. Suppose 47 = -2*y + 153. Calculate the remainder when y is divided by l(15).
17
Suppose 4*p = -4*r + 114 - 26, 3*p - 36 = 3*r. Suppose 3*h = -2*s + 2, h = -h + 2*s - 2. Calculate the remainder when h/(-1) - (-512)/8 is divided by p.
13
Let t = -37 - -41. Suppose -t*l + 14 = d + l, 4*d - 4*l = 80. Calculate the remainder when d is divided by 10.
9
Suppose -41 + 671 = 3*c - 3*t, t + 1038 = 5*c. Let b(j) = 7*j - 93. What is the remainder when c is divided by b(17)?
25
Let o(r) = r**3 - 3*r**2 - 2*r - 2. Let t(h) = h**3 + 8*h**2 + 9*h + 24. Calculate the remainder when o(5) is divided by t(-7).
8
Let s(k) = -k**3 + 2*k**2 + 2*k + 4. Let l(c) = c**3 - 3*c**2 + 2*c - 3. Let t be l(2). Calculate the remainder when s(t) is divided by 22.
21
Suppose 0*o = -3*o + 126. Calculate the remainder when (14/(-4))/((-7)/o) is divided by 12.
9
Calculate the remainder when 58 is divided by (-129)/301 + 314*2/28.
14
Let y(d) = -4*d**2 - 89*d - 71. What is the remainder when 54 is divided by y(-21)?
20
Let l be ((-6)/(-4))/((-15)/90). Let v be (6/(-8))/((-2)/32). Let h = v + l. Calculate the remainder when 8 is divided by h.
2
Suppose 5*n + 1700 = 5*x, 23 + 323 = x - 4*n. Calculate the remainder when x is divided by 43.
37
Suppose 2*w - 1047 = -3*f - 168, -4*f + w = -1183. What is the remainder when f is divided by 15?
10
Suppose -6*m - 8 = -2*m. What is the remainder when 62 is divided by (-116)/(-8) + 1/m?
6
Suppose -s - 24 = s - 3*x, x + 47 = -3*s. Let r = -11 - s. Calculate the remainder when 9 is divided by 14/35*70/r.
2
Let f be 7 - (1 - -3)/1. Suppose 5*i - 3*g = 3, 5*i + 2 = g - f*g. Let a(h) = h**2 + h + 1. What is the remainder when 1 is divided by a(i)?
0
Suppose 4*y + 14 + 0 = 5*r, -y = -4. Let t be 12/10*20/8. What is the remainder when (1 - -18) + -1 + t is divided by r?
3
Suppose 2*t + 2*v = -0*v - 42, 0 = 3*v - 6. Let k = -2 - t. Let b = 24 - k. What is the remainder when 4 is divided by b?
1
Let a(n) = 559*n**3 - n**2 - 13*n + 14. Calculate the remainder when a(1) is divided by 17.
15
Let x(d) = d + 6 + d**3 + 3*d**2 - 3*d**2 + d**2. Let h be x(0). Suppose 5*t = -20, 4*m + 5*t + 52 = h*m. What is the remainder when m is divided by 9?
7
Let m(i) = i**3 - 5*i**2 - 6*i + 6. Let u be 30/(-18)*(-36)/10. Calculate the remainder when m(u) is divided by 2.
0
Let y be 4/6 + 1132/12. Suppose -4*t = 3*o - y - 106, -105 = -2*t + 3*o. Calculate the remainder when t is divided by 18.
15
Suppose 88 = 4*q + 2*w, -2*q + 14*w = 5*w - 84. Suppose -t - 8 + 102 = 0. Calculate the remainder when t is divided by q.
22
Suppose -9*s = -12*s + 105. What is the remainder when 98 is divided by s - (4/(-10))/1*-5?
32
Suppose -8*l + 1111 = 983. Calculate the remainder when 415 is divided by l.
15
Let w be (-4)/6 + (-28)/12. What is the remainder when w/2 + (-2607)/(-22) is divided by 24?
21
Let b(u) = -u**2 + 51*u - 347. Calculate the remainder when b(33) is divided by 21.
16
Suppose 3*b - 80 = h, -5*b - 8*h = -4*h - 156. Suppose 0*c - 4*c + 343 = 3*l, 4*l + 3*c - 448 = 0. What is the remainder when l is divided by b?
25
Suppose j + j - 24 = 0. Suppose 2*k = 20 + j. What is the remainder when 18/3*((-22)/(-4) + 2) is divided by k?
13
Calculate the remainder when (-13 + 6)*(0 - 44/14) is divided by 12.
10
Suppose -50*c = -2340 - 2410. Calculate the remainder when c is divided by 72.
23
Let j(s) = -s**2 + 1. Let q be 1 + -1 - 5*1. Let u(y) = 17*y**2 + 4. Let k(c) = q*j(c) + u(c). Calculate the remainder when k(1) is divided by 12.
9
Let g(y) = -y**2 + 2*y + 5. Let v be g(3). Calculate the remainder when ((-82)/v)/(3/9*-1) is divided by 18.
15
Suppose v = -v + 132. Let p = -725 - -739. Calculate the remainder when v is divided by p.
10
Suppose 15 = 5*f + 4*h - 7, 0 = 5*f + 5*h - 20. Let m(z) = -z + 8. What is the remainder when 7 is divided by m(f)?
1
Suppose -3*t = -t - 8. Suppose -z - 21 = -t*z. Let g = 19 - z. What is the remainder when g is divided by 4?
0
Suppose t - 22 = -5*p, -5*t - 4*p = p - 70. Suppose -14*l = -16*l + 50. Suppose 0 = -k + 6*k - l. What is the remainder when t is divided by k?
2
Suppose -3*n + 63 + 51 = 0. Let y(t) = t + 1. Let b(i) = -14*i + 3. Let h(c) = -b(c) + y(c). What is the remainder when n is divided by h(1)?
12
Suppose 501 + 137 = 11*f. Calculate the remainder when 229 is divided by f.
55
Suppose -2*h - 20 = -2*m, -2*h = 4*m - 3*m + 2. Let n = m + 18. What is the remainder when 42 is divided by n?
18
Suppose 0 = -5*h - 52 - 73. Calculate the remainder when (-3 + 1)*h/10 is divided by